{"id":7,"date":"2023-01-25T11:25:49","date_gmt":"2023-01-25T10:25:49","guid":{"rendered":"https:\/\/solidarite-au-sahel.be\/Dm2616-ovh\/?page_id=7"},"modified":"2023-03-23T09:19:50","modified_gmt":"2023-03-23T08:19:50","slug":"a-propos-de-nous","status":"publish","type":"page","link":"https:\/\/solidarite-au-sahel.be\/index.php\/a-propos-de-nous\/","title":{"rendered":"A propos de nous"},"content":{"rendered":"\n<h2 class=\"has-large-font-size wp-block-heading\" id=\"inspiro-is-a-digital-product-agency-that-focuses-on-strategy-and-design\" style=\"font-style:normal;font-weight:100\">Notre ASBL, compos\u00e9e en totalit\u00e9 de b\u00e9n\u00e9voles, est interg\u00e9n\u00e9rationnelle.<\/h2>\n\n\n\n<div class=\"wp-block-columns is-layout-flex wp-container-core-columns-is-layout-9d6595d7 wp-block-columns-is-layout-flex\">\n<div class=\"wp-block-column is-layout-flow wp-block-column-is-layout-flow\">\n<p class=\"has-text-align-left\">Notre ASBL&nbsp;\u00ab\u00a0SAS\u00a0\u00bb ou \u00ab\u00a0Solidarit\u00e9 au Sahel\u00a0\u00bb d\u00e9veloppe des actions au Burkina Faso en partenariat avec la Haute Ecole Condorcet, la BWI, la Fondation roi Baudouin et BPost.<\/p>\n\n\n\n<p class=\"has-text-align-left\">&nbsp;Le si\u00e8ge social est situ\u00e9 \u00e0 Leuze en Hainaut&nbsp;et a \u00e9t\u00e9 cr\u00e9\u00e9 il y a 40 ans, exactement le 20 mai 1982.<\/p>\n\n\n\n<p class=\"has-text-align-left\">Aujourd&rsquo;hui, 40 ans plus tard, l&rsquo;ASBL continue toujours&nbsp;ses actions&nbsp;au Burkina.<\/p>\n\n\n\n<p class=\"has-text-align-left\">Son objectif est principalement d&rsquo;aider la population, les enfants et les jeunes adolescents&nbsp;\u00e0 vivre en autonomie. Pour cela, elle a&nbsp; contribu\u00e9 \u00e0 l&rsquo;\u00e9laboration de forages qui fournissent de l&rsquo;EAU POTABLE.<\/p>\n\n\n\n<p class=\"has-text-align-left\">Le but second de l&rsquo;ASBL&nbsp;est l&rsquo;\u00e9ducation&nbsp;et la formation des enfants et des jeunes, pour cela, la construction d&rsquo;\u00e9coles a \u00e9t\u00e9 n\u00e9cessaire et indispensable. Enfin,&nbsp;autour du forage, des mara\u00eechages, des vergers, des cultures ont&nbsp;permis aux paysans de subvenir \u00e0 leur besoin nutritionnel, \u00e9conomique et environnemental.<\/p>\n<\/div>\n<\/div>\n\n\n\n<div class=\"wp-block-columns is-layout-flex wp-container-core-columns-is-layout-9d6595d7 wp-block-columns-is-layout-flex\">\n<div class=\"wp-block-column is-layout-flow wp-block-column-is-layout-flow\">\n<figure class=\"wp-block-image size-full\"><img loading=\"lazy\" decoding=\"async\" width=\"1000\" height=\"551\" src=\"http:\/\/solidarite-au-sahel.be\/wp-content\/uploads\/2023\/03\/sas-equipe-2.jpg\" alt=\"\" class=\"wp-image-346\" srcset=\"https:\/\/solidarite-au-sahel.be\/wp-content\/uploads\/2023\/03\/sas-equipe-2.jpg 1000w, https:\/\/solidarite-au-sahel.be\/wp-content\/uploads\/2023\/03\/sas-equipe-2-300x165.jpg 300w, https:\/\/solidarite-au-sahel.be\/wp-content\/uploads\/2023\/03\/sas-equipe-2-768x423.jpg 768w\" sizes=\"auto, (max-width: 1000px) 100vw, 1000px\" \/><\/figure>\n<\/div>\n<\/div>\n\n\n\n<p>Pour valider et&nbsp; cr\u00e9dibiliser l&rsquo;association, voici le <a href=\"http:\/\/solidarite-au-sahel.be\/wp-content\/uploads\/2023\/03\/Chantal-Vandermeiren.jpg\" target=\"_blank\" rel=\"noreferrer noopener\" data-rel=\"lightbox-image-0\" data-rl_title=\"\" data-rl_caption=\"\" title=\"\">t\u00e9moignage<\/a> d&rsquo;une personne qui a travaill\u00e9 longtemps \u00e0 la Province du Hainaut&nbsp; dans le cadre du d\u00e9veloppement des pays du Sud.<\/p>\n\n\n\n<div style=\"height:40px\" aria-hidden=\"true\" class=\"wp-block-spacer\"><\/div>\n\n\n\n<div class=\"wp-block-group alignfull has-white-color has-text-color has-background\" style=\"background-color:#9e511a\"><div class=\"wp-block-group__inner-container is-layout-flow wp-block-group-is-layout-flow\">\n<h2 class=\"has-white-color has-text-color wp-block-heading\">Membres<\/h2>\n\n\n\n<div class=\"wp-block-columns is-layout-flex wp-container-core-columns-is-layout-9d6595d7 wp-block-columns-is-layout-flex\">\n<div class=\"wp-block-column is-vertically-aligned-center is-layout-flow wp-block-column-is-layout-flow\">\n<ul class=\"wp-block-list\">\n<li>Pr\u00e9sidente : Cynthia<\/li>\n\n\n\n<li>Vice-Pr\u00e9sidente : Annick<\/li>\n\n\n\n<li>Secr\u00e9taire : Sab\u00e9a<\/li>\n\n\n\n<li>Tr\u00e9sorier : Simon<\/li>\n\n\n\n<li>Responsable parrainage : Micha\u00ebl <\/li>\n\n\n\n<li>Responsable artisanat : Nadine<\/li>\n<\/ul>\n<\/div>\n\n\n\n<div class=\"wp-block-column is-layout-flow wp-block-column-is-layout-flow\">\n<p><strong>Merci \u00e0 nos membres actifs&#8230;<\/strong><\/p>\n\n\n\n<p>Edgard, Ang\u00e9lique, Nicolas, Alain, Damien, Jean-Louis, Jean-Claude, Pauline, Adama, Appolinaire, Myrtille, Gauthier, Marie, Francinel, Auguste, Nadine, Jean-Louis, Noelle, Ghislain, &#8230;<\/p>\n<\/div>\n<\/div>\n<\/div><\/div>\n\n\n\n<div style=\"height:40px\" aria-hidden=\"true\" class=\"wp-block-spacer\"><\/div>\n\n\n\n<div class=\"wp-block-columns is-layout-flex wp-container-core-columns-is-layout-9d6595d7 wp-block-columns-is-layout-flex\">\n<div class=\"wp-block-column is-layout-flow wp-block-column-is-layout-flow\">\n<figure class=\"wp-block-image size-full\"><img loading=\"lazy\" decoding=\"async\" width=\"1000\" height=\"657\" src=\"http:\/\/solidarite-au-sahel.be\/wp-content\/uploads\/2023\/03\/equipe02.jpg\" alt=\"\" class=\"wp-image-833\" srcset=\"https:\/\/solidarite-au-sahel.be\/wp-content\/uploads\/2023\/03\/equipe02.jpg 1000w, https:\/\/solidarite-au-sahel.be\/wp-content\/uploads\/2023\/03\/equipe02-300x197.jpg 300w, https:\/\/solidarite-au-sahel.be\/wp-content\/uploads\/2023\/03\/equipe02-768x505.jpg 768w\" sizes=\"auto, (max-width: 1000px) 100vw, 1000px\" \/><\/figure>\n<\/div>\n\n\n\n<div class=\"wp-block-column is-layout-flow wp-block-column-is-layout-flow\">\n<figure class=\"wp-block-image size-full\"><img loading=\"lazy\" decoding=\"async\" width=\"1000\" height=\"657\" src=\"https:\/\/solidarite-au-sahel.be\/wp-content\/uploads\/2023\/03\/equipe01-1.jpg\" alt=\"\" class=\"wp-image-840\" srcset=\"https:\/\/solidarite-au-sahel.be\/wp-content\/uploads\/2023\/03\/equipe01-1.jpg 1000w, https:\/\/solidarite-au-sahel.be\/wp-content\/uploads\/2023\/03\/equipe01-1-300x197.jpg 300w, https:\/\/solidarite-au-sahel.be\/wp-content\/uploads\/2023\/03\/equipe01-1-768x505.jpg 768w\" sizes=\"auto, (max-width: 1000px) 100vw, 1000px\" \/><\/figure>\n<\/div>\n<\/div>\n\n\n\n<div class=\"wp-block-group alignfull has-background is-vertical is-content-justification-center is-layout-flex wp-container-core-group-is-layout-4b2eccd6 wp-block-group-is-layout-flex\" style=\"background-color:#ec790a\">\n<div style=\"height:40px\" aria-hidden=\"true\" class=\"wp-block-spacer\"><\/div>\n\n\n\n<div class=\"wp-block-buttons is-layout-flex wp-block-buttons-is-layout-flex\">\n<div class=\"wp-block-button\"><a class=\"wp-block-button__link wp-element-button\" href=\"https:\/\/solidarite-au-sahel.be\/index.php\/retrospective\/\">R\u00e9trospective<\/a><\/div>\n<\/div>\n\n\n\n<div style=\"height:40px\" aria-hidden=\"true\" class=\"wp-block-spacer\"><\/div>\n<\/div>\n","protected":false},"excerpt":{"rendered":"<p>Notre ASBL, compos\u00e9e en totalit\u00e9 de b\u00e9n\u00e9voles, est interg\u00e9n\u00e9rationnelle. Notre ASBL&nbsp;\u00ab\u00a0SAS\u00a0\u00bb ou \u00ab\u00a0Solidarit\u00e9 au Sahel\u00a0\u00bb d\u00e9veloppe des actions au Burkina Faso en partenariat avec la Haute Ecole Condorcet, la BWI, la Fondation roi Baudouin et BPost. &nbsp;Le si\u00e8ge social est situ\u00e9 \u00e0 Leuze en Hainaut&nbsp;et a \u00e9t\u00e9 cr\u00e9\u00e9 il y a 40 ans, exactement le &hellip; <\/p>\n<p class=\"link-more\"><a href=\"https:\/\/solidarite-au-sahel.be\/index.php\/a-propos-de-nous\/\" class=\"more-link\">Lire la suite de<span class=\"screen-reader-text\">\u00ab\u00a0A propos de nous\u00a0\u00bb<\/span><\/a><\/p>\n","protected":false},"author":1,"featured_media":122,"parent":0,"menu_order":0,"comment_status":"closed","ping_status":"closed","template":"","meta":{"footnotes":""},"class_list":["post-7","page","type-page","status-publish","has-post-thumbnail","hentry"],"_links":{"self":[{"href":"https:\/\/solidarite-au-sahel.be\/index.php\/wp-json\/wp\/v2\/pages\/7","targetHints":{"allow":["GET"]}}],"collection":[{"href":"https:\/\/solidarite-au-sahel.be\/index.php\/wp-json\/wp\/v2\/pages"}],"about":[{"href":"https:\/\/solidarite-au-sahel.be\/index.php\/wp-json\/wp\/v2\/types\/page"}],"author":[{"embeddable":true,"href":"https:\/\/solidarite-au-sahel.be\/index.php\/wp-json\/wp\/v2\/users\/1"}],"replies":[{"embeddable":true,"href":"https:\/\/solidarite-au-sahel.be\/index.php\/wp-json\/wp\/v2\/comments?post=7"}],"version-history":[{"count":38,"href":"https:\/\/solidarite-au-sahel.be\/index.php\/wp-json\/wp\/v2\/pages\/7\/revisions"}],"predecessor-version":[{"id":851,"href":"https:\/\/solidarite-au-sahel.be\/index.php\/wp-json\/wp\/v2\/pages\/7\/revisions\/851"}],"wp:featuredmedia":[{"embeddable":true,"href":"https:\/\/solidarite-au-sahel.be\/index.php\/wp-json\/wp\/v2\/media\/122"}],"wp:attachment":[{"href":"https:\/\/solidarite-au-sahel.be\/index.php\/wp-json\/wp\/v2\/media?parent=7"}],"curies":[{"name":"wp","href":"https:\/\/api.w.org\/{rel}","templated":true}]}}